w - 9 = 2*r, -8*w + 3*r + 15 = -6*w. Let q(f) = f**2 + 3*f + 4. Let y(i) = 2*i**2 + 6*i + 8. Let b(p) = w*y(p) - 5*q(p). Calculate b(-4).
8
Let d(a) = a**2 + 15 - 6*a - 22 + 7 + 3. Let k be (-69)/(-12)*1*4. Suppose -5*v + 0*l = 2*l - k, v - 6 = l. Give d(v).
-2
Let f(j) be the third derivative of j**6/120 - j**5/15 + j**4/8 + j**3/2 - j**2 - 27*j. Give f(3).
3
Let s be 3/2*10/195*13. Let h(i) = -6*i**2 + i. What is h(s)?
-5
Let u(y) = 3*y - 3. Let g(p) be the third derivative of -p**4/12 + p**3/3 - 25*p**2. Let x(m) = -4*g(m) - 3*u(m). Determine x(-3).
4
Let t(s) = 5*s - 40. Let q = 12 + -8. Let v(a) = -a + 10. Let y(c) = q*t(c) + 15*v(c). Let w be y(3). Let m(f) = f + 3. Determine m(w).
8
Let n(g) = g + 2. Suppose -o = 4*k - 20, 0*k + 4*o - 8 = -4*k. Give n(k).
8
Let p(g) = 4*g**3 + 11*g**2 - 20. Let v(t) = -t**3 - 3*t**2 + 5. Let i be 2/2 - 40/4. Let y(m) = i*v(m) - 2*p(m). What is y(-5)?
-5
Suppose 5*i - 55 = -5*u, 15 = -u + 4*u. Let k(t) = -t**3 + 5*t**2 + 6*t + 3. Calculate k(i).
3
Suppose -5*o - 38 = -3*s - o, -2*o - 10 = 0. Let u(y) = 5*y - y**3 + 1 + y**3 + s*y**2 + y**3 + 2*y**2. Determine u(-7).
15
Let y(x) be the second derivative of -9*x - 17/2*x**2 + 5/6*x**3 + 2/3*x**4 + 0 + 1/20*x**5. Let k be y(-7). Let l(f) = f + 2. Give l(k).
-1
Let g(p) be the first derivative of -p**2/2 - p + 156. Determine g(5).
-6
Let f(t) be the first derivative of -t**2 - 10*t + 67. Give f(-4).
-2
Let b(f) be the first derivative of -f**5/4 - f**3/6 + f**2/2 - 23*f + 14. Let n(y) be the first derivative of b(y). Calculate n(1).
-5
Let x(d) = 5*d**3 + 3*d**2 + 2*d - 2. Let a be (-70)/56 + 3/(-4). Calculate x(a).
-34
Let b be 13 - (0 + 1 + 1). Let t be 8/12*-6 + 20. Let w = b - t. Let f(k) = k + 4. What is f(w)?
-1
Let i(o) be the third derivative of -o**5/6 - o**4/12 - o**3/6 + 215*o**2. What is i(-1)?
-9
Let z(o) = 2*o**2 - o**2 + 35085 - 3*o - 35076. What is z(4)?
13
Let b = -1 - -3. Let a be ((-12)/(-9))/(2/15). Let f(m) = -b*m + 6*m - 2*m + 15 - a. Calculate f(-4).
-3
Let b(z) be the second derivative of -z**5/20 + 5*z**4/12 + z**3 - 3*z**2/2 + 258*z. Calculate b(6).
-3
Let s(r) = 36*r - 39*r - r**3 - r**2 - r**3 + 2. Determine s(2).
-24
Let v = -88 - -60. Let c = v - -27. Let s(k) = -3*k**2 - k - 1. Calculate s(c).
-3
Let i = -411 - -413. Let b(u) = -u**3 - 3*u**2 + 6*u + 1. Determine b(i).
-7
Suppose -r = 10 - 23. Let a(u) = -10*u - 3 + 0*u - 2*u + r*u. Give a(7).
4
Let m(i) = 2*i**2 - i + 1. Let k(r) = -r**3 - 9*r**2 - 12*r - 34. Let z be k(-8). Give m(z).
11
Let h(c) = -c**3 - 5*c**2 + 5*c + 1. Let s = 539 - 544. Calculate h(s).
-24
Let x = 8 + -5. Let f(h) = 7*h + x*h - h**3 - 3 - 4*h**2 - 6*h + 2*h**3. Let y = 15 - 13. Give f(y).
-3
Let u(l) = -l**2 - 7*l - 3. Let g be u(-6). Let b(a) = 3*a + g + 4 - 4 + a**2 - 2*a. Give b(0).
3
Let s(l) = l**3 - 4*l**2 - 4*l + 6. Suppose 5*a = -5*t + 45, -2*t + 35 = 3*a + 13. Suppose 15 = t*o - 5. Give s(o).
-10
Let o(x) = x**3 - 7*x**2 + 2*x - 9. Suppose -l = 10*l - 77. Calculate o(l).
5
Let i(d) = 2*d - 6. Let y be 22/10 - 2/10. Suppose 4*u = 4*a, -5*u + 2*u - 8 = -5*a. Suppose -26 = -5*g - u*q - y, -q - 3 = -g. Give i(g).
2
Let y(b) be the third derivative of b**6/360 + b**4/12 + 5*b**3/2 + 18*b**2. Let f(c) be the first derivative of y(c). What is f(0)?
2
Let l(r) be the third derivative of -r**6/120 + r**4/12 + r**3/6 - 40*r**2. Give l(-2).
5
Suppose 15 = -5*l - 5*n, 4*l - 11 + 2 = 3*n. Let t(y) = y + 5. What is t(l)?
5
Let z(h) = -7*h + 33 + 4*h - 31. Give z(2).
-4
Suppose 0 = n + n. Suppose -q + 3 = 2*z + 5, q - 5*z + 9 = n. Let h be (-162)/12*q/(-6). Let f(c) = -c - 7. Calculate f(h).
2
Let t be 36/(-27)*111/(-4). Let q = 39 - t. Let f(y) = -2*y + 1. Give f(q).
-3
Let w(l) = -l**2 + 3*l - 3. Let n = 4 - 0. Suppose -n*g + 9 = 1. What is w(g)?
-1
Let d be (-2)/(-6)*(-7 + 6)*-15. Let o(r) = 2*r**3 + d*r**2 - 3*r + 4 + r - 3*r**3 - 2. Calculate o(5).
-8
Suppose -4*s + 114 = 94. Let v(y) = -y**3 + 5*y**2 - 3*y + 7. Give v(s).
-8
Let u(x) = -2*x + 3. Suppose -w + 85 = 4*w. Suppose -5*t + 4*s = -2*t - w, t - 9 = 3*s. Calculate u(t).
-3
Let i be (40/110)/(6/33). Let f(x) = -3*x**2 + 5*x - 4. Determine f(i).
-6
Let b(y) = -10*y - 3. Let t(m) = 120*m + 40. Let s(w) = 25*b(w) + 2*t(w). What is s(-5)?
55
Let k(r) = -r**3 - r - 1. Let n(j) = 2*j**3 - 7*j**2 + 9*j - 7. Let g(h) = 3*k(h) + n(h). Let i be g(-8). Let u(v) = -v + 0 + 4 - 4. Give u(i).
-6
Let k = -3 - 0. Let d(a) be the third derivative of -1/60*a**5 - 1/8*a**4 + 0*a + 0 - 2/3*a**3 + 23*a**2. Calculate d(k).
-4
Let o be -2 + -2 - 2/(-2). Let i(c) = c**2 + c. Let s(v) = -5*v + 2. Let h(q) = 11*q - 5. Let u(k) = 6*h(k) + 13*s(k). Let r(l) = -i(l) - u(l). Determine r(o).
1
Let v(q) = -q**2 - q + 1. Let y(n) = -2*n - 4. Let b be y(-4). Let z be 0*-1*2/b. Let h(t) = t**3 + t**2 + t - 4. Let w be h(z). Give v(w).
-11
Let w(y) = -4*y**2 + 6*y**2 - 3*y - 1 + 5*y**3 - y**2 + 4*y. Let g be w(1). Let f(l) = l + 2. What is f(g)?
8
Let b(q) = 2*q + 3. Let k = -338 - -335. What is b(k)?
-3
Let w = -44 - -26. Let b(t) = t**3 + 18*t**2 + t + 23. Let g be b(w). Let q(d) = d**3 - 6*d**2 + 5*d + 1. Give q(g).
1
Let f = -20 + 14. Let a(w) = -w**2 - 5*w. Let p(s) = -3*s**2 - 15*s. Let g(m) = 17*a(m) - 6*p(m). Calculate g(f).
6
Let l(o) = -o**2 - 7*o + 0*o + 2*o - 2. Let g(v) = -5 - v + 4 + 5. Let y be g(8). Calculate l(y).
2
Let q be -8 - 3*7/(-21). Let f(w) = w**3 + 7*w**2 - 5*w + 6. Determine f(q).
41
Suppose 0 = -3*g - 5*u - 19, 0*g - 23 = -4*g + 3*u. Suppose -9 = 4*p - p, -g*k - 12 = 4*p. Suppose -2*t = -k*t + 2. Let d(q) = 5*q + 1. Give d(t).
-4
Let t = 6 + 17. Let g(h) = 10*h + 2 - t*h + 15*h. Determine g(2).
6
Let h(f) = f + 1. Let m = 57 + -52. Determine h(m).
6
Let m(u) = -3*u**3 - 2*u**2 + 1. Suppose 2*s - f - 2 - 4 = 0, 0 = 4*s + f - 24. Let q = -443 + 437. Let l = q + s. Give m(l).
2
Let g be (1 + (-6)/4)*4. Let b(o) = -8*o - 9*o + 24*o - 3*o. Determine b(g).
-8
Let y(p) = 2*p - 2. Let v be (-23)/2 - 56/(-112). Calculate y(v).
-24
Let c(x) = 10*x - 23. Let n(z) = -z**3 - 5*z**2 + 16*z + 17. Let o be n(-7). Let y(j) = -5*j + 12. Let g(m) = o*c(m) + 5*y(m). Calculate g(6).
21
Let k(b) = -4*b. Let z(i) = i**3 + 21*i**2 + 40*i + 43. Let u be z(-19). Give k(u).
-20
Let s(r) = -r**2 + 8*r + 3. Let h be s(8). Let q(y) = -3*y**2 - 2 - 8*y + 5*y**2 - h*y**2 - 4. Give q(-5).
9
Let a(g) = 9*g**2 - 27*g + 3. Let o be a(3). Let f(l) = l + 7. Let s be f(0). Let m(n) = s + n + n - o*n. Determine m(0).
7
Let s(z) = 3*z + 11. Let y(f) = -7*f - 23. Let j(k) = 9*s(k) + 4*y(k). Let b be j(5). Let r(p) = 6*p. Calculate r(b).
12
Let l(x) = -1. Let f(q) = q + 1. Let m(b) = -f(b) - 4*l(b). Let j(p) = 10*p - 2. Let r(y) = -3*y + 1. Let d(t) = -2*j(t) - 7*r(t). Let h be d(3). Give m(h).
3
Let i(g) be the second derivative of -g**8/6720 - g**7/2520 - g**6/720 + g**5/15 + 11*g**4/12 + 7*g. Let h(c) be the third derivative of i(c). Calculate h(0).
8
Let q(l) be the third derivative of -11*l**4/12 - l**3/3 + l**2 + 11. What is q(-1)?
20
Let f(u) = -6*u + 27. Let v(q) = -q**2 + 9*q - 15. Let d be v(4). Let m be f(d). Let x(z) = 4*z + 4. Calculate x(m).
-8
Let h(c) be the third derivative of -11/24*c**4 + 0*c + c**2 - 1/60*c**5 + 10 - 1/6*c**3. Calculate h(-7).
27
Let q(a) = a**3 - 5*a**2 + 4*a - 4. Suppose -49 = 3*w + 29. Let r be 4/w - (-41)/13. Calculate q(r).
-10
Let o(z) = -z**2 - 26*z - 170. Let f be o(-11). Let j(l) = l**3 + 4*l**2 - 10*l - 27. Give j(f).
-2
Let t(m) be the first derivative of 8*m**3/3 - m**2/2 - m + 57. Give t(-1).
8
Let q(o) = -8 + 2*o - 3*o**3 + 2 - 4*o**2 + 4*o**3. Let t = -15 - -19. Calculate q(t).
2
Let x(b) = -4*b**2 - 3*b - 3. Let f be -5 + 6 + -9 + 6. What is x(f)?
-13
Let u(f) = f**2 + 4. Suppose 8*l - 9*l + 4 = 0. Suppose -9 = 3*c - 2*c - 3*n, -l*c - 5*n + 15 = 0. Give u(c).
4
Let z(w) = -2*w + 12. Let c(y) = -3*y**3 - 2*y**2 + y - 6. Let o be c(-2). Give z(o).
-4
Let d(t) = -t**2 + 8*t + 1. Suppose -5*r - 384 = -3*u, 3*u + r = -2*r + 360. Let g = -118 + u. Give d(g).
16
Let j(k) = -5*k**2 - 9*k - 1. Let f(s) = -s**2 - 2*s. Let z(b) = -3*f(b) + j(b). Calculate z(3).
-28
Let h(s) = s**2 - 2*s - 12. Let t(q) = -2*q**2 + 17*q - 3. Let r be t(8). Let y be h(r). Let v(a) = -a**3 + 2*a**2 + 4*a. Give v(y).
3
Let n(u) = -6*u**2 - 6*u - 10. Let s(t) = 4*t**2 + 3*